{"id":48,"date":"2018-04-05T11:22:06","date_gmt":"2018-04-05T09:22:06","guid":{"rendered":"http:\/\/www.ireplace.ch\/?page_id=48"},"modified":"2019-01-23T12:34:30","modified_gmt":"2019-01-23T11:34:30","slug":"grafik-design","status":"publish","type":"page","link":"https:\/\/iexpertech.com\/?page_id=48","title":{"rendered":"Grafik\/Design"},"content":{"rendered":"<div class=\"wpb-content-wrapper\"><p>[vc_row][vc_column][vc_custom_heading source=&#187;post_title&#187; font_container=&#187;tag:h2|text_align:center&#187;][\/vc_column][\/vc_row][vc_row][vc_column width=&#187;2\/3&#8243;][vc_column_text css_animation=&#187;appear&#187;]<\/p>\n<h2>Grafik und Werbung?<\/h2>\n<h5>Brauchen Sie ein Firma &#8211; Logo? Eine Brosch\u00fcre oder einen Flyer? Wir beschaffen auch dieses f\u00fcr sie.<\/h5>\n<p>Unsere Augen sind in der Lage zu sehen und erkennen, was gut und sch\u00f6n ist, was nichts ist. Das Design ist sehr wichtig, dass wir heute das Ziel ihrer Kunden oft beeinflussen k\u00f6nnen und die Anschrift Ihre Unternehmen hervorbringen.<\/p>\n<p>Ein Logo, eine Brosch\u00fcre oder einen Flyer gut gemacht l\u00e4uft automatisch im Hintergrund. Sind leicht identifizierbar und sich einfach vorschl\u00e4gt. Und wenn dies neue Kunden od. M\u00f6glichkeiten bringt, dann bedeutet es ist ein gutes Produkt.[\/vc_column_text][\/vc_column][vc_column width=&#187;1\/3&#8243;][vc_single_image image=&#187;49&#8243; img_size=&#187;medium&#187;][\/vc_column][\/vc_row][vc_row][vc_column][vc_separator][vc_cta h2=&#187;<\/p>\n<p>&#171;Innovation wird unterschieden zwischen einem Leiter und einem Mitl\u00e4ufer.&#171;<i>zitiert Steve Jobs<\/i><\/p>\n<p>&#187; txt_align=&#187;center&#187; style=&#187;3d&#187;]<\/p>\n<h4><\/h4>\n<p>[\/vc_cta][vc_separator][\/vc_column][\/vc_row][vc_row][vc_column width=&#187;2\/3&#8243;][vc_column_text css_animation=&#187;right-to-left&#187;]<\/p>\n<h2>Web Design<\/h2>\n<p>Wenn eine Website an uns anvertraut wird, sorgen wir f\u00fcr das visuelle Erscheinungsbild und die emotionale Beteiligung der Web Seite zu erreichen, das h\u00f6chste Ziel und der gr\u00f6\u00dften Anzahl von m\u00f6glichen Neu- und bestehende Kunden erreichen.<\/p>\n<p>Ein Designer l\u00f6st die Probleme der Kommunikation seiner Kunden, Ausbau der gesch\u00e4ftlichen Aktivit\u00e4ten und gibt den Zugriff auf alle Informationen, die durch die Kenntnis der Technologien, kombiniert mit Kreativit\u00e4t.<\/p>\n<p>Das wichtigste Ziel ist es, die Standorte, die aus einer graphischen Sicht ansprechen, eine gute optische Wirkung haben, sind einfach zu navigieren und sind kompatibel mit den Bed\u00fcrfnissen der Besucher und zug\u00e4nglich mit Browser und andere Ger\u00e4te. Das beste Ergebnis ist, Design und Navigation zu verbinden um diese zug\u00e4nglich ist \u00fcberall und mit jedem Ger\u00e4t.<\/p>\n<p>[\/vc_column_text][\/vc_column][vc_column width=&#187;1\/3&#8243;][vc_single_image image=&#187;50&#8243; img_size=&#187;medium&#187;][\/vc_column][\/vc_row][vc_row][vc_column][vc_separator][vc_cta h2=&#187;&#171;Ich liebe die verr\u00fcckten Experimente im Leben zu rufen. Ich kann es nicht lassen. &#171; <i>zitiert Charles Darwin<\/i>&#187; txt_align=&#187;center&#187; style=&#187;3d&#187;]<\/p>\n<h4><\/h4>\n<p>[\/vc_cta][vc_separator][\/vc_column][\/vc_row][vc_row][vc_column width=&#187;1\/4&#8243;][vc_single_image image=&#187;51&#8243; img_size=&#187;medium&#187;][\/vc_column][vc_column width=&#187;3\/4&#8243;][vc_column_text css_animation=&#187;right-to-left&#187;]<\/p>\n<h2>Erscheinungsbild bearbeiten<\/h2>\n<p>iExpertech kann die richtige Unterst\u00fctzung f\u00fcr das Erscheinungsbild bearbeiten werden, oder die Kreativit\u00e4t und den \u00e4sthetischen Geschmack anwenden, f\u00fcr Kreationen von Fotoalben, Verbesserungen und Verfeinerungen, Korrektur von Bildern (alte und abgenutzte) oder auch einen Ad-Hoc-Bildgebung f\u00fcr Leinwand oder Vergr\u00f6\u00dferungen.<\/p>\n<p>[\/vc_column_text][\/vc_column][\/vc_row][vc_row][vc_column][go_pricing id=&#187;grafica&#187;][\/vc_column][\/vc_row]<\/p>\n<\/div>","protected":false},"excerpt":{"rendered":"<p>[vc_row][vc_column][vc_custom_heading source=&#187;post_title&#187; font_container=&#187;tag:h2|text_align:center&#187;][\/vc_column][\/vc_row][vc_row][vc_column width=&#187;2\/3&#8243;][vc_column_text css_animation=&#187;appear&#187;] Grafik und Werbung? Brauchen Sie ein Firma &#8211; Logo? Eine Brosch\u00fcre oder einen Flyer? Wir beschaffen auch dieses f\u00fcr sie. Unsere<span class=\"excerpt-hellip\"> [\u2026]<\/span><\/p>\n","protected":false},"author":1,"featured_media":0,"parent":0,"menu_order":0,"comment_status":"closed","ping_status":"closed","template":"","meta":{"footnotes":""},"class_list":["post-48","page","type-page","status-publish","hentry"],"_links":{"self":[{"href":"https:\/\/iexpertech.com\/index.php?rest_route=\/wp\/v2\/pages\/48","targetHints":{"allow":["GET"]}}],"collection":[{"href":"https:\/\/iexpertech.com\/index.php?rest_route=\/wp\/v2\/pages"}],"about":[{"href":"https:\/\/iexpertech.com\/index.php?rest_route=\/wp\/v2\/types\/page"}],"author":[{"embeddable":true,"href":"https:\/\/iexpertech.com\/index.php?rest_route=\/wp\/v2\/users\/1"}],"replies":[{"embeddable":true,"href":"https:\/\/iexpertech.com\/index.php?rest_route=%2Fwp%2Fv2%2Fcomments&post=48"}],"version-history":[{"count":1,"href":"https:\/\/iexpertech.com\/index.php?rest_route=\/wp\/v2\/pages\/48\/revisions"}],"predecessor-version":[{"id":163,"href":"https:\/\/iexpertech.com\/index.php?rest_route=\/wp\/v2\/pages\/48\/revisions\/163"}],"wp:attachment":[{"href":"https:\/\/iexpertech.com\/index.php?rest_route=%2Fwp%2Fv2%2Fmedia&parent=48"}],"curies":[{"name":"wp","href":"https:\/\/api.w.org\/{rel}","templated":true}]}}